[INFO] cloning repository https://github.com/cisen/demo-rust-learning
[INFO] running `Command { std: "git" "-c" "credential.helper=" "-c" "credential.helper=/workspace/cargo-home/bin/git-credential-null" "clone" "--bare" "https://github.com/cisen/demo-rust-learning" "/workspace/cache/git-repos/https%3A%2F%2Fgithub.com%2Fcisen%2Fdemo-rust-learning", kill_on_drop: false }`
[INFO] [stderr] Cloning into bare repository '/workspace/cache/git-repos/https%3A%2F%2Fgithub.com%2Fcisen%2Fdemo-rust-learning'...
[INFO] running `Command { std: "git" "rev-parse" "HEAD", kill_on_drop: false }`
[INFO] [stdout] 3e6566721991530a13198a443e1d44171a02d1f4
[INFO] checking cisen/demo-rust-learning against master#af3c6e733a40e671550e0f0f5aeecaa13772ba56 for pr-74989
[INFO] running `Command { std: "git" "clone" "/workspace/cache/git-repos/https%3A%2F%2Fgithub.com%2Fcisen%2Fdemo-rust-learning" "/workspace/builds/worker-2/source", kill_on_drop: false }`
[INFO] [stderr] Cloning into '/workspace/builds/worker-2/source'...
[INFO] [stderr] done.
[INFO] validating manifest of git repo https://github.com/cisen/demo-rust-learning on toolchain af3c6e733a40e671550e0f0f5aeecaa13772ba56
[INFO] running `Command { std: "/workspace/cargo-home/bin/cargo" "+af3c6e733a40e671550e0f0f5aeecaa13772ba56" "read-manifest" "--manifest-path" "Cargo.toml", kill_on_drop: false }`
[INFO] started tweaking git repo https://github.com/cisen/demo-rust-learning
[INFO] finished tweaking git repo https://github.com/cisen/demo-rust-learning
[INFO] tweaked toml for git repo https://github.com/cisen/demo-rust-learning written to /workspace/builds/worker-2/source/Cargo.toml
[INFO] crate git repo https://github.com/cisen/demo-rust-learning already has a lockfile, it will not be regenerated
[INFO] running `Command { std: "/workspace/cargo-home/bin/cargo" "+af3c6e733a40e671550e0f0f5aeecaa13772ba56" "fetch" "--locked" "--manifest-path" "Cargo.toml", kill_on_drop: false }`
[INFO] running `Command { std: "docker" "create" "-v" "/var/lib/crater-agent-workspace/builds/worker-2/target:/opt/rustwide/target:rw,Z" "-v" "/var/lib/crater-agent-workspace/builds/worker-2/source:/opt/rustwide/workdir:ro,Z" "-v" "/var/lib/crater-agent-workspace/cargo-home:/opt/rustwide/cargo-home:ro,Z" "-v" "/var/lib/crater-agent-workspace/rustup-home:/opt/rustwide/rustup-home:ro,Z" "-e" "SOURCE_DIR=/opt/rustwide/workdir" "-e" "CARGO_TARGET_DIR=/opt/rustwide/target" "-e" "CARGO_HOME=/opt/rustwide/cargo-home" "-e" "RUSTUP_HOME=/opt/rustwide/rustup-home" "-w" "/opt/rustwide/workdir" "-m" "1610612736" "--user" "0:0" "--network" "none" "rustops/crates-build-env@sha256:d92eaeed33fa75130ca1ee6c8a01d1ffb62bac859dfdfb3450e3e5d1c0146529" "/opt/rustwide/cargo-home/bin/cargo" "+af3c6e733a40e671550e0f0f5aeecaa13772ba56" "metadata" "--no-deps" "--format-version=1", kill_on_drop: false }`
[INFO] [stderr] WARNING: Your kernel does not support swap limit capabilities or the cgroup is not mounted. Memory limited without swap.
[INFO] [stdout] 776f4e53ab1cb49fd78a39cc62c44350ca11bede03aef86429f84ef4be04adaa
[INFO] running `Command { std: "docker" "start" "-a" "776f4e53ab1cb49fd78a39cc62c44350ca11bede03aef86429f84ef4be04adaa", kill_on_drop: false }`
[INFO] running `Command { std: "docker" "inspect" "776f4e53ab1cb49fd78a39cc62c44350ca11bede03aef86429f84ef4be04adaa", kill_on_drop: false }`
[INFO] running `Command { std: "docker" "rm" "-f" "776f4e53ab1cb49fd78a39cc62c44350ca11bede03aef86429f84ef4be04adaa", kill_on_drop: false }`
[INFO] [stdout] 776f4e53ab1cb49fd78a39cc62c44350ca11bede03aef86429f84ef4be04adaa
[INFO] running `Command { std: "docker" "create" "-v" "/var/lib/crater-agent-workspace/builds/worker-2/target:/opt/rustwide/target:rw,Z" "-v" "/var/lib/crater-agent-workspace/builds/worker-2/source:/opt/rustwide/workdir:ro,Z" "-v" "/var/lib/crater-agent-workspace/cargo-home:/opt/rustwide/cargo-home:ro,Z" "-v" "/var/lib/crater-agent-workspace/rustup-home:/opt/rustwide/rustup-home:ro,Z" "-e" "SOURCE_DIR=/opt/rustwide/workdir" "-e" "CARGO_TARGET_DIR=/opt/rustwide/target" "-e" "CARGO_INCREMENTAL=0" "-e" "RUST_BACKTRACE=full" "-e" "RUSTFLAGS=--cap-lints=forbid" "-e" "CARGO_HOME=/opt/rustwide/cargo-home" "-e" "RUSTUP_HOME=/opt/rustwide/rustup-home" "-w" "/opt/rustwide/workdir" "-m" "1610612736" "--user" "0:0" "--network" "none" "rustops/crates-build-env@sha256:d92eaeed33fa75130ca1ee6c8a01d1ffb62bac859dfdfb3450e3e5d1c0146529" "/opt/rustwide/cargo-home/bin/cargo" "+af3c6e733a40e671550e0f0f5aeecaa13772ba56" "check" "--frozen" "--all" "--all-targets" "--message-format=json", kill_on_drop: false }`
[INFO] [stdout] 314518f49feae8b3c09451a74686929a3e0ac648448e0a265465ae1e531d4b8d
[INFO] [stderr] WARNING: Your kernel does not support swap limit capabilities or the cgroup is not mounted. Memory limited without swap.
[INFO] running `Command { std: "docker" "start" "-a" "314518f49feae8b3c09451a74686929a3e0ac648448e0a265465ae1e531d4b8d", kill_on_drop: false }`
[INFO] [stderr]     Blocking waiting for file lock on package cache
[INFO] [stderr]     Checking demo-rust-learning v0.1.0 (/opt/rustwide/workdir)
[INFO] [stdout] error[E0583]: file not found for module `curry`
[INFO] [stdout]  --> src/main.rs:3:1
[INFO] [stdout]   |
[INFO] [stdout] 3 | mod curry;
[INFO] [stdout]   | ^^^^^^^^^^
[INFO] [stdout]   |
[INFO] [stdout]   = help: to create the module `curry`, create file "src/curry.rs"
[INFO] [stdout] 
[INFO] [stdout] 
[INFO] [stdout] error[E0583]: file not found for module `curry`
[INFO] [stdout]  --> src/main.rs:3:1
[INFO] [stdout]   |
[INFO] [stdout] 3 | mod curry;
[INFO] [stdout]   | ^^^^^^^^^^
[INFO] [stdout]   |
[INFO] [stdout]   = help: to create the module `curry`, create file "src/curry.rs"
[INFO] [stdout] 
[INFO] [stdout] 
[INFO] [stdout] error[E0432]: unresolved import `self::curry::curry`
[INFO] [stdout]  --> src/main.rs:7:19
[INFO] [stdout]   |
[INFO] [stdout] 7 | use self::curry::{curry};
[INFO] [stdout]   |                   ^^^^^ no `curry` in `curry`
[INFO] [stdout] 
[INFO] [stdout] 
[INFO] [stdout] warning: unused import: `add`
[INFO] [stdout]  --> src/main.rs:5:26
[INFO] [stdout]   |
[INFO] [stdout] 5 | use self::mathematical::{add};
[INFO] [stdout]   |                          ^^^
[INFO] [stdout]   |
[INFO] [stdout]   = note: `#[warn(unused_imports)]` on by default
[INFO] [stdout] 
[INFO] [stdout] 
[INFO] [stdout] warning: unused import: `matchArr`
[INFO] [stdout]  --> src/main.rs:6:23
[INFO] [stdout]   |
[INFO] [stdout] 6 | use self::matchCase::{matchArr};
[INFO] [stdout]   |                       ^^^^^^^^
[INFO] [stdout] 
[INFO] [stdout] 
[INFO] [stdout] error[E0432]: unresolved import `self::curry::curry`
[INFO] [stdout]  --> src/main.rs:7:19
[INFO] [stdout]   |
[INFO] [stdout] 7 | use self::curry::{curry};
[INFO] [stdout]   |                   ^^^^^ no `curry` in `curry`
[INFO] [stdout] 
[INFO] [stdout] 
[INFO] [stdout] warning: unused import: `add`
[INFO] [stdout]  --> src/main.rs:5:26
[INFO] [stdout]   |
[INFO] [stdout] 5 | use self::mathematical::{add};
[INFO] [stdout]   |                          ^^^
[INFO] [stdout]   |
[INFO] [stdout]   = note: `#[warn(unused_imports)]` on by default
[INFO] [stdout] 
[INFO] [stdout] 
[INFO] [stdout] warning: unused import: `matchArr`
[INFO] [stdout]  --> src/main.rs:6:23
[INFO] [stdout]   |
[INFO] [stdout] 6 | use self::matchCase::{matchArr};
[INFO] [stdout]   |                       ^^^^^^^^
[INFO] [stdout] 
[INFO] [stdout] 
[INFO] [stdout] error: aborting due to 2 previous errors; 2 warnings emitted
[INFO] [stdout] 
[INFO] [stdout] 
[INFO] [stdout] Some errors have detailed explanations: E0432, E0583.
[INFO] [stdout] 
[INFO] [stdout] For more information about an error, try `rustc --explain E0432`.
[INFO] [stdout] 
[INFO] [stdout] error: aborting due to 2 previous errors; 2 warnings emitted
[INFO] [stdout] 
[INFO] [stdout] 
[INFO] [stdout] Some errors have detailed explanations: E0432, E0583.
[INFO] [stdout] 
[INFO] [stdout] For more information about an error, try `rustc --explain E0432`.
[INFO] [stdout] 
[INFO] [stderr] error: could not compile `demo-rust-learning`.
[INFO] [stderr] 
[INFO] [stderr] To learn more, run the command again with --verbose.
[INFO] [stderr] warning: build failed, waiting for other jobs to finish...
[INFO] [stderr] error: build failed
[INFO] running `Command { std: "docker" "inspect" "314518f49feae8b3c09451a74686929a3e0ac648448e0a265465ae1e531d4b8d", kill_on_drop: false }`
[INFO] running `Command { std: "docker" "rm" "-f" "314518f49feae8b3c09451a74686929a3e0ac648448e0a265465ae1e531d4b8d", kill_on_drop: false }`
[INFO] [stdout] 314518f49feae8b3c09451a74686929a3e0ac648448e0a265465ae1e531d4b8d
